{"id":773,"date":"2013-03-06T17:39:41","date_gmt":"2013-03-06T16:39:41","guid":{"rendered":"https:\/\/psicologo-especialista-barcelona.com\/blog\/?page_id=773"},"modified":"2014-09-02T18:00:12","modified_gmt":"2014-09-02T17:00:12","slug":"como-avanzar","status":"publish","type":"page","link":"https:\/\/psicologo-especialista-barcelona.com\/blog\/apoyo-psicologico\/como-avanzar\/","title":{"rendered":"\u00bfC\u00f3mo avanzar?"},"content":{"rendered":"<p style=\"text-align: justify;\"><span style=\"color: #ff9900;\">PREGUNTA<\/span><\/p>\n<p style=\"text-align: justify;\">Le resumir\u00e9 lo m\u00e1s claro. Llevo en Espa\u00f1a casi dos a\u00f1os, vivo con mi hija de 19 a\u00f1os en una habitaci\u00f3n de alquiler. Hasta Marzo\u00a0 ten\u00eda una relaci\u00f3n con un hombre del cual estuve de forma m\u00e1s dependiente debido a que a pesar de mi esfuerzo por\u00a0incorporarme\u00a0 en el \u00e1mbito laboral me ha resultado\u00a0dif\u00edcil\u00a0por la circunstancias del pa\u00eds. En la actualidad el hecho que la relaci\u00f3n se haya acabado me afecta mucho. Por otro lado he estado realizando cursos de formaci\u00f3n desde que estoy ac\u00e1.\u00a0 Mi hija no quiere ni estudiar ni buscar trabajo se me ha enfermado con el ordenador de d\u00eda de noche y madrugada.<\/p>\n<p style=\"text-align: justify;\">No estoy pasando una temporada bonita no cuento con ayudas del gobierno por tiempo de empadronamiento, me faltan un par de meses para los 2 a\u00f1os que piden pero yo no s\u00e9 qu\u00e9 soluci\u00f3n darle a mis problemas. En los momentos que hablo con mi hija\u00a0 estoy muy alterada e incluso he llegado a mal tratarla sin querer. No tengo ni comida. No puedo dormir de forma continuada y me despierto de noche. Algunas veces siento temblores de manos. Sufro n\u00e1useas\u00a0 y siento como el coraz\u00f3n asustado, tengo miedo que me traicionen los nervios y me haga da\u00f1o a m\u00ed misma. A veces miro el balc\u00f3n y digo dejarme quitarme de aqu\u00ed, es como si me metiera por momentos cosas malas en la cabeza. Todo eso me tiene muy preocupada y ya no s\u00e9 si podr\u00e9 soportar lo que falta, estoy muy triste y vivo de fe y esperanzas. Muchas gracias por su ayuda y consejos.<\/p>\n<p style=\"text-align: center;\"><img loading=\"lazy\" class=\"aligncenter  wp-image-781\" alt=\"C\u00f3mo avanzar\" src=\"https:\/\/psicologo-especialista-barcelona.com\/blog\/wp-content\/uploads\/2013\/03\/avanzar.jpeg\" width=\"280\" height=\"280\" srcset=\"https:\/\/psicologo-especialista-barcelona.com\/blog\/wp-content\/uploads\/2013\/03\/avanzar.jpeg 400w, https:\/\/psicologo-especialista-barcelona.com\/blog\/wp-content\/uploads\/2013\/03\/avanzar-150x150.jpeg 150w, https:\/\/psicologo-especialista-barcelona.com\/blog\/wp-content\/uploads\/2013\/03\/avanzar-300x300.jpeg 300w\" sizes=\"(max-width: 280px) 100vw, 280px\" \/><\/p>\n<p style=\"text-align: justify;\"><span style=\"color: #00d600;\">RESPUESTA<\/span><\/p>\n<p style=\"text-align: justify;\">Por lo que comenta se encuentra en una situaci\u00f3n muy complicada, tanto econ\u00f3micamente hablando como an\u00edmicamente. Ante esta situaci\u00f3n es muy importante recuperar los h\u00e1bitos b\u00e1sicos. Es muy importante que pueda incorporar una rutina en su vida. Desde unos horarios fijos para levantarse por las ma\u00f1anas, comidas y hora de acostarse fija. El ejercicio f\u00edsico es muy importante tanto para el estado de \u00e1nimo como para los s\u00edntomas de ansiedad, as\u00ed que es muy importante que de forma diaria pueda salir a la calle como m\u00ednimo a pasear, me imagino que ya saldr\u00e1 a echar alg\u00fan curr\u00edculum. Pero la idea es que todos los d\u00edas pueda salir de casa a caminar y que le de el sol. Si durante el d\u00eda se cansa en m\u00e1s probable que pueda dormir por las noches.<\/p>\n<p style=\"text-align: justify;\">Necesita incorporar alguna actividad l\u00fadica en su d\u00eda a d\u00eda&#8230; acuda a alguna biblioteca p\u00fablica y coja en pr\u00e9stamo alg\u00fan libro, pel\u00edcula&#8230; necesita poder desconectar en ciertos momentos para relajarse. Adem\u00e1s en las bibliotecas p\u00fablicas generalmente hay varios tablones con anuncios de cursos u ofertas de trabajo que le pueden interesar.<\/p>\n<p style=\"text-align: justify;\">En relaci\u00f3n a su hija, lo cierto es que le debe limitar el uso del pc en caso que est\u00e9 m\u00e1s de 4 h diarias. Ella tambi\u00e9n debe salir a la calle, conocer gente, socializar&#8230; Se encuentra en una edad que no es saludable no hacer \u00abnada\u00bb durante todo el d\u00eda. Si no encuentra trabajo que realice alg\u00fan curso de formaci\u00f3n, o actividad pero a la larga en casa su hija se acabar\u00e1 deprimiendo much\u00edsimo. Necesita una ocupaci\u00f3n.<\/p>\n<p style=\"text-align: justify;\">Otro aspecto a tener en cuenta y cuidar, es la relaci\u00f3n con su hija, deber\u00edan poder realizar actividades conjuntas agradables para ambas, un paseo, picnic en la monta\u00f1a (preferiblemente actividades al aire libre) y de esta manera acecar m\u00e1s su relaci\u00f3n madre e hija y limar las posibles asperezas que existan en la actualidad debido a su situaci\u00f3n mutua.<\/p>\n<p style=\"text-align: center;\">Si deseas preguntarnos cualquier cosa en el blog haz clik aqu\u00ed<\/p>\n<p><a href=\"https:\/\/psicologo-especialista-barcelona.com\/blog\/preguntas-y-respuestas\/\"><img loading=\"lazy\" class=\"aligncenter size-full wp-image-697\" title=\"El psic\u00f3logo contestar\u00e1 tus preguntas\" alt=\"manda-tu-consulta\" src=\"https:\/\/psicologo-especialista-barcelona.com\/blog\/wp-content\/uploads\/2012\/12\/manda-tu-consulta.png\" width=\"200\" height=\"107\" \/><\/a><\/p>\n<p>Rub\u00e9n Blasco, Psic\u00f3logo Colegiado N\u00ba 14830.<\/p>\n<p>M\u00e1s informaci\u00f3n en<a href=\"http:\/\/psicologo-especialista-barcelona.com\" target=\"_blank\"> psicologo-especialista-barcelona.com<\/a><\/p>\n","protected":false},"excerpt":{"rendered":"<p>PREGUNTA Le resumir\u00e9 lo m\u00e1s claro. Llevo en Espa\u00f1a casi dos a\u00f1os, vivo con mi hija de 19 a\u00f1os en una habitaci\u00f3n de alquiler. Hasta Marzo\u00a0 ten\u00eda una relaci\u00f3n con un hombre del cual estuve de forma m\u00e1s dependiente debido a que a pesar de mi esfuerzo por\u00a0incorporarme\u00a0 en el \u00e1mbito laboral me ha resultado\u00a0dif\u00edcil\u00a0por &hellip; <\/p>\n<p><a class=\"more-link btn\" href=\"https:\/\/psicologo-especialista-barcelona.com\/blog\/apoyo-psicologico\/como-avanzar\/\">Seguir leyendo<\/a><\/p>\n","protected":false},"author":1,"featured_media":0,"parent":630,"menu_order":0,"comment_status":"open","ping_status":"open","template":"","meta":[],"aioseo_notices":[],"_links":{"self":[{"href":"https:\/\/psicologo-especialista-barcelona.com\/blog\/wp-json\/wp\/v2\/pages\/773"}],"collection":[{"href":"https:\/\/psicologo-especialista-barcelona.com\/blog\/wp-json\/wp\/v2\/pages"}],"about":[{"href":"https:\/\/psicologo-especialista-barcelona.com\/blog\/wp-json\/wp\/v2\/types\/page"}],"author":[{"embeddable":true,"href":"https:\/\/psicologo-especialista-barcelona.com\/blog\/wp-json\/wp\/v2\/users\/1"}],"replies":[{"embeddable":true,"href":"https:\/\/psicologo-especialista-barcelona.com\/blog\/wp-json\/wp\/v2\/comments?post=773"}],"version-history":[{"count":15,"href":"https:\/\/psicologo-especialista-barcelona.com\/blog\/wp-json\/wp\/v2\/pages\/773\/revisions"}],"predecessor-version":[{"id":1558,"href":"https:\/\/psicologo-especialista-barcelona.com\/blog\/wp-json\/wp\/v2\/pages\/773\/revisions\/1558"}],"up":[{"embeddable":true,"href":"https:\/\/psicologo-especialista-barcelona.com\/blog\/wp-json\/wp\/v2\/pages\/630"}],"wp:attachment":[{"href":"https:\/\/psicologo-especialista-barcelona.com\/blog\/wp-json\/wp\/v2\/media?parent=773"}],"curies":[{"name":"wp","href":"https:\/\/api.w.org\/{rel}","templated":true}]}}

¿Cómo avanzar?

<p style="text-align: justify;"><span style="color: #ff9900;">PREGUNTA</span></p>
<p style="text-align: justify;">Le resumiré lo más claro. Llevo en España casi dos años, vivo con mi hija de 19 años en una habitación de alquiler. Hasta Marzo  tenía una relación con un hombre del cual estuve de forma más dependiente debido a que a pesar de mi esfuerzo por incorporarme  en el ámbito laboral me ha resultado difícil por la circunstancias del país. En la actualidad el hecho que la relación se haya acabado me afecta mucho. Por otro lado he estado realizando cursos de formación desde que estoy acá.  Mi hija no quiere ni estudiar ni buscar trabajo se me ha enfermado con el ordenador de día de noche y madrugada.</p>
<p style="text-align: justify;">No estoy pasando una temporada bonita no cuento con ayudas del gobierno por tiempo de empadronamiento, me faltan un par de meses para los 2 años que piden pero yo no sé qué solución darle a mis problemas. En los momentos que hablo con mi hija  estoy muy alterada e incluso he llegado a mal tratarla sin querer. No tengo ni comida. No puedo dormir de forma continuada y me despierto de noche. Algunas veces siento temblores de manos. Sufro náuseas  y siento como el corazón asustado, tengo miedo que me traicionen los nervios y me haga daño a mí misma. A veces miro el balcón y digo dejarme quitarme de aquí, es como si me metiera por momentos cosas malas en la cabeza. Todo eso me tiene muy preocupada y ya no sé si podré soportar lo que falta, estoy muy triste y vivo de fe y esperanzas. Muchas gracias por su ayuda y consejos.</p>
<p style="text-align: center;"><img loading="lazy" class="aligncenter  wp-image-781" alt="Cómo avanzar" src="https://psicologo-especialista-barcelona.com/blog/wp-content/uploads/2013/03/avanzar.jpeg" width="280" height="280" srcset="https://psicologo-especialista-barcelona.com/blog/wp-content/uploads/2013/03/avanzar.jpeg 400w, https://psicologo-especialista-barcelona.com/blog/wp-content/uploads/2013/03/avanzar-150x150.jpeg 150w, https://psicologo-especialista-barcelona.com/blog/wp-content/uploads/2013/03/avanzar-300x300.jpeg 300w" sizes="(max-width: 280px) 100vw, 280px" /></p>
<p style="text-align: justify;"><span style="color: #00d600;">RESPUESTA</span></p>
<p style="text-align: justify;">Por lo que comenta se encuentra en una situación muy complicada, tanto económicamente hablando como anímicamente. Ante esta situación es muy importante recuperar los hábitos básicos. Es muy importante que pueda incorporar una rutina en su vida. Desde unos horarios fijos para levantarse por las mañanas, comidas y hora de acostarse fija. El ejercicio físico es muy importante tanto para el estado de ánimo como para los síntomas de ansiedad, así que es muy importante que de forma diaria pueda salir a la calle como mínimo a pasear, me imagino que ya saldrá a echar algún currículum. Pero la idea es que todos los días pueda salir de casa a caminar y que le de el sol. Si durante el día se cansa en más probable que pueda dormir por las noches.</p>
<p style="text-align: justify;">Necesita incorporar alguna actividad lúdica en su día a día&#8230; acuda a alguna biblioteca pública y coja en préstamo algún libro, película&#8230; necesita poder desconectar en ciertos momentos para relajarse. Además en las bibliotecas públicas generalmente hay varios tablones con anuncios de cursos u ofertas de trabajo que le pueden interesar.</p>
<p style="text-align: justify;">En relación a su hija, lo cierto es que le debe limitar el uso del pc en caso que esté más de 4 h diarias. Ella también debe salir a la calle, conocer gente, socializar&#8230; Se encuentra en una edad que no es saludable no hacer «nada» durante todo el día. Si no encuentra trabajo que realice algún curso de formación, o actividad pero a la larga en casa su hija se acabará deprimiendo muchísimo. Necesita una ocupación.</p>
<p style="text-align: justify;">Otro aspecto a tener en cuenta y cuidar, es la relación con su hija, deberían poder realizar actividades conjuntas agradables para ambas, un paseo, picnic en la montaña (preferiblemente actividades al aire libre) y de esta manera acecar más su relación madre e hija y limar las posibles asperezas que existan en la actualidad debido a su situación mutua.</p>
<p style="text-align: center;">Si deseas preguntarnos cualquier cosa en el blog haz clik aquí</p>
<p><a href="https://psicologo-especialista-barcelona.com/blog/preguntas-y-respuestas/"><img loading="lazy" class="aligncenter size-full wp-image-697" title="El psicólogo contestará tus preguntas" alt="manda-tu-consulta" src="https://psicologo-especialista-barcelona.com/blog/wp-content/uploads/2012/12/manda-tu-consulta.png" width="200" height="107" /></a></p>
<p>Rubén Blasco, Psicólogo Colegiado Nº 14830.</p>
<p>Más información en<a href="http://psicologo-especialista-barcelona.com" target="_blank"> psicologo-especialista-barcelona.com</a></p>

<p>PREGUNTA Le resumiré lo más claro. Llevo en España casi dos años, vivo con mi hija de 19 años en una habitación de alquiler. Hasta Marzo  tenía una relación con un hombre del cual estuve de forma más dependiente debido a que a pesar de mi esfuerzo por incorporarme  en el ámbito laboral me ha resultado difícil por &hellip; </p>
<p><a class="more-link btn" href="https://psicologo-especialista-barcelona.com/blog/apoyo-psicologico/como-avanzar/">Seguir leyendo</a></p>
