{"id":2,"date":"2012-03-20T17:40:19","date_gmt":"2012-03-20T16:40:19","guid":{"rendered":"https:\/\/psicologo-especialista-barcelona.com\/blog\/?page_id=2"},"modified":"2014-02-13T20:26:11","modified_gmt":"2014-02-13T19:26:11","slug":"psicologo_especialista_barcelona_acerca","status":"publish","type":"page","link":"https:\/\/psicologo-especialista-barcelona.com\/blog\/psicologo_especialista_barcelona_acerca\/","title":{"rendered":"Acerca"},"content":{"rendered":"<h1 style=\"text-align: center;\"><span style=\"text-decoration: underline;\"><strong>Rub\u00e9n Blasco Navarro<\/strong><\/span><\/h1>\n<p>&nbsp;<\/p>\n<p><span style=\"text-decoration: underline;\"><strong>Formaci\u00f3n Universitaria<\/strong><\/span><br \/>\n<strong>Psic\u00f3logo<\/strong> col. num. 14830 (UB Universitat de Barcelona)<\/p>\n<p><strong>M\u00e1ster en Trastorno Mental Severo:<\/strong> de la Integraci\u00f3n de Modelos a la Combinaci\u00f3n de Psicoterapia y Psicof\u00e1rmacos por el IL3-UB.<\/p>\n<p><strong>M\u00e1ster en terapia cognitivo conductual<\/strong> por la Unidad de Terapia de Conducta UB<\/p>\n<p><strong>Profesor asociado en la facultad de psicolog\u00eda de la UB<\/strong> (Universitat de Barcelona) en el departamento de Personalidad, Evaluaci\u00f3n y Tratamiento Psicol\u00f3gico.<\/p>\n<p><span style=\"text-decoration: underline;\"><strong>Formaci\u00f3n complementaria<\/strong><\/span><\/p>\n<ul>\n<li>2007 Workshop Full-day\u00a0 <strong>Cognitive Behavioural Therapy and Decentering Techniques for Auditory Verbal Hallucinations<\/strong> (Mark van der Gaag)<\/li>\n<li>2007 Workshop Full-day <strong>Anger Assessment and Treatment<\/strong> (Raymond Novaco)<\/li>\n<li>2007 Workshop Half-day <strong>Cognitive and Behavioral Techniques for Weight Loss and Maintenance<\/strong> (Judith S. Beck)<\/li>\n<li>2010 Curso de <strong>Prevenci\u00f3n de riesgos laborales<\/strong>. Impartido por IDFO<\/li>\n<li>2010 Curso de <strong>Inteligencia emocional<\/strong>. Impartido por IDFO<\/li>\n<li>2010 Curso de <strong>EMDR<\/strong>. Impartido por CAT- Barcelona<\/li>\n<\/ul>\n<p><span style=\"text-decoration: underline; color: #000000;\"><span style=\"text-decoration: underline;\"><strong>Asitencia a congresos y simposiums de formaci\u00f3n complementaria<\/strong><\/span><\/span><\/p>\n<ul>\n<li>2006 XXI Jornada de ter\u00e0pia del comportament i medicina conductual en la pr\u00e0ctica cl\u00ednica.(SCRITC Societat Catalana de Recerca i Ter\u00e0pia del Comportament)<\/li>\n<li>2007 <strong>V World Congress of\u00a0 Behavioural &amp; Cognitive Therapies<\/strong> .<\/li>\n<li>2007 XXII Jornada de ter\u00e0pia del comportament i medicina conductual en la pr\u00e0ctica cl\u00ednica.(SCRITC Societat Catalana de Recerca i Ter\u00e0pia del Comportament)<\/li>\n<li>2010 II Simposio sobre <strong>Trastorno l\u00edmite de la personalidad<\/strong>. (Capio Hospital General de Catalunya)<\/li>\n<li>2011 <strong>La ira y la resistencia en pacientes dif\u00edciles.<\/strong> C\u00f3mo tratar los problemas de autocontrol con la Terapia racional emotiva conductual (Dr Dom Dimattia, Institut de Ter\u00e0pia Racional Emotiva, RET)<\/li>\n<li>2012 <strong>VII Reuni\u00f3n Nacional Medicina de la Adicci\u00f3n<\/strong>. Abordaje psiqui\u00e1trico y psicol\u00f3gico de pacientes con Patolog\u00eda Dual (Dr Luis San, Miguel Casas)<\/li>\n<li>2013 <strong>VIII Reuni\u00f3n Nacional Medicina de la Adicci\u00f3n<\/strong>. Abordaje psiqui\u00e1trico y psicol\u00f3gico de pacientes con Patolog\u00eda Dual (Dr Luis San, Miguel Casas)<\/li>\n<\/ul>\n<p><a href=\"http:\/\/psicologo-especialista-barcelona.com\/contacto_psicologo_barcelona.html\" target=\"_blank\">E-mail<\/a><\/p>\n","protected":false},"excerpt":{"rendered":"<p>Rub\u00e9n Blasco Navarro &nbsp; Formaci\u00f3n Universitaria Psic\u00f3logo col. num. 14830 (UB Universitat de Barcelona) M\u00e1ster en Trastorno Mental Severo: de la Integraci\u00f3n de Modelos a la Combinaci\u00f3n de Psicoterapia y Psicof\u00e1rmacos por el IL3-UB. M\u00e1ster en terapia cognitivo conductual por la Unidad de Terapia de Conducta UB Profesor asociado en la facultad de psicolog\u00eda de &hellip; <\/p>\n<p><a class=\"more-link btn\" href=\"https:\/\/psicologo-especialista-barcelona.com\/blog\/psicologo_especialista_barcelona_acerca\/\">Seguir leyendo<\/a><\/p>\n","protected":false},"author":1,"featured_media":0,"parent":0,"menu_order":0,"comment_status":"open","ping_status":"open","template":"","meta":[],"aioseo_notices":[],"_links":{"self":[{"href":"https:\/\/psicologo-especialista-barcelona.com\/blog\/wp-json\/wp\/v2\/pages\/2"}],"collection":[{"href":"https:\/\/psicologo-especialista-barcelona.com\/blog\/wp-json\/wp\/v2\/pages"}],"about":[{"href":"https:\/\/psicologo-especialista-barcelona.com\/blog\/wp-json\/wp\/v2\/types\/page"}],"author":[{"embeddable":true,"href":"https:\/\/psicologo-especialista-barcelona.com\/blog\/wp-json\/wp\/v2\/users\/1"}],"replies":[{"embeddable":true,"href":"https:\/\/psicologo-especialista-barcelona.com\/blog\/wp-json\/wp\/v2\/comments?post=2"}],"version-history":[{"count":8,"href":"https:\/\/psicologo-especialista-barcelona.com\/blog\/wp-json\/wp\/v2\/pages\/2\/revisions"}],"predecessor-version":[{"id":1407,"href":"https:\/\/psicologo-especialista-barcelona.com\/blog\/wp-json\/wp\/v2\/pages\/2\/revisions\/1407"}],"wp:attachment":[{"href":"https:\/\/psicologo-especialista-barcelona.com\/blog\/wp-json\/wp\/v2\/media?parent=2"}],"curies":[{"name":"wp","href":"https:\/\/api.w.org\/{rel}","templated":true}]}}

<h1 style="text-align: center;"><span style="text-decoration: underline;"><strong>Rubén Blasco Navarro</strong></span></h1>
<p>&nbsp;</p>
<p><span style="text-decoration: underline;"><strong>Formación Universitaria</strong></span><br />
<strong>Psicólogo</strong> col. num. 14830 (UB Universitat de Barcelona)</p>
<p><strong>Máster en Trastorno Mental Severo:</strong> de la Integración de Modelos a la Combinación de Psicoterapia y Psicofármacos por el IL3-UB.</p>
<p><strong>Máster en terapia cognitivo conductual</strong> por la Unidad de Terapia de Conducta UB</p>
<p><strong>Profesor asociado en la facultad de psicología de la UB</strong> (Universitat de Barcelona) en el departamento de Personalidad, Evaluación y Tratamiento Psicológico.</p>
<p><span style="text-decoration: underline;"><strong>Formación complementaria</strong></span></p>
<ul>
<li>2007 Workshop Full-day  <strong>Cognitive Behavioural Therapy and Decentering Techniques for Auditory Verbal Hallucinations</strong> (Mark van der Gaag)</li>
<li>2007 Workshop Full-day <strong>Anger Assessment and Treatment</strong> (Raymond Novaco)</li>
<li>2007 Workshop Half-day <strong>Cognitive and Behavioral Techniques for Weight Loss and Maintenance</strong> (Judith S. Beck)</li>
<li>2010 Curso de <strong>Prevención de riesgos laborales</strong>. Impartido por IDFO</li>
<li>2010 Curso de <strong>Inteligencia emocional</strong>. Impartido por IDFO</li>
<li>2010 Curso de <strong>EMDR</strong>. Impartido por CAT- Barcelona</li>
</ul>
<p><span style="text-decoration: underline; color: #000000;"><span style="text-decoration: underline;"><strong>Asitencia a congresos y simposiums de formación complementaria</strong></span></span></p>
<ul>
<li>2006 XXI Jornada de teràpia del comportament i medicina conductual en la pràctica clínica.(SCRITC Societat Catalana de Recerca i Teràpia del Comportament)</li>
<li>2007 <strong>V World Congress of  Behavioural &amp; Cognitive Therapies</strong> .</li>
<li>2007 XXII Jornada de teràpia del comportament i medicina conductual en la pràctica clínica.(SCRITC Societat Catalana de Recerca i Teràpia del Comportament)</li>
<li>2010 II Simposio sobre <strong>Trastorno límite de la personalidad</strong>. (Capio Hospital General de Catalunya)</li>
<li>2011 <strong>La ira y la resistencia en pacientes difíciles.</strong> Cómo tratar los problemas de autocontrol con la Terapia racional emotiva conductual (Dr Dom Dimattia, Institut de Teràpia Racional Emotiva, RET)</li>
<li>2012 <strong>VII Reunión Nacional Medicina de la Adicción</strong>. Abordaje psiquiátrico y psicológico de pacientes con Patología Dual (Dr Luis San, Miguel Casas)</li>
<li>2013 <strong>VIII Reunión Nacional Medicina de la Adicción</strong>. Abordaje psiquiátrico y psicológico de pacientes con Patología Dual (Dr Luis San, Miguel Casas)</li>
</ul>
<p><a href="http://psicologo-especialista-barcelona.com/contacto_psicologo_barcelona.html" target="_blank">E-mail</a></p>

<p>Rubén Blasco Navarro &nbsp; Formación Universitaria Psicólogo col. num. 14830 (UB Universitat de Barcelona) Máster en Trastorno Mental Severo: de la Integración de Modelos a la Combinación de Psicoterapia y Psicofármacos por el IL3-UB. Máster en terapia cognitivo conductual por la Unidad de Terapia de Conducta UB Profesor asociado en la facultad de psicología de &hellip; </p>
<p><a class="more-link btn" href="https://psicologo-especialista-barcelona.com/blog/psicologo_especialista_barcelona_acerca/">Seguir leyendo</a></p>
