{"id":1683,"date":"2015-05-14T10:27:42","date_gmt":"2015-05-14T09:27:42","guid":{"rendered":"https:\/\/psicologo-especialista-barcelona.com\/blog\/?page_id=1683"},"modified":"2015-05-14T10:27:42","modified_gmt":"2015-05-14T09:27:42","slug":"desrealizacion-y-despersonalizacion","status":"publish","type":"page","link":"https:\/\/psicologo-especialista-barcelona.com\/blog\/apoyo-psicologico\/desrealizacion-y-despersonalizacion\/","title":{"rendered":"Desrealizaci\u00f3n y despersonalizaci\u00f3n"},"content":{"rendered":"<h1 style=\"text-align: center;\">Desrealizaci\u00f3n y despersonalizaci\u00f3n<\/h1>\n<p>&nbsp;<\/p>\n<p><span style=\"color: #ff9900;\">PREGUNTA<\/span><\/p>\n<p style=\"text-align: justify;\">Me gustar\u00eda tener la opini\u00f3n de alguien especialista en el tema con respecto a mi caso:<\/p>\n<p style=\"text-align: justify;\">He sufrido s\u00edntomas de desrealizaci\u00f3n despersonalizaci\u00f3n unas 4-5 veces en mi vida (tengo 27 a\u00f1os), una vez en un examen (la primera, hace como 12 a\u00f1os), otra cocinando&#8230; y la \u00faltima vez conduciendo hace a\u00f1o y medio aproximadamente.<\/p>\n<p style=\"text-align: justify;\">La sensaci\u00f3n duraba unos 2-3 minutos y desaparec\u00eda. Es algo que jam\u00e1s sab\u00eda identificar. La primera vez que me pas\u00f3 sufr\u00ed durante varios meses pensando que podr\u00eda tener una enfermedad mental por el miedo que me cre\u00ed esa sensaci\u00f3n desconocida e intent\u00e1ndole buscar alguna explicaci\u00f3n \u00abreal\u00bb, incluso pensaba para m\u00ed misma \u00bb Quiz\u00e1s en ese momento vino a tu mente una situaci\u00f3n estresante que hayas vivido como una discusi\u00f3n con alg\u00fan familiar o algo\u00bb, pero en el fondo sab\u00eda que no. Con los meses me recuper\u00e9 porque ve\u00eda que en el d\u00eda a d\u00eda ten\u00ed\u00ada una vida normal.<\/p>\n<p style=\"text-align: justify;\">He estado a\u00f1os y a\u00f1os sin preocuparme por eso salvo en algunas ocasiones en que las que lo recordaba, pero nada m\u00e1s. Ahora, desde hace 5 meses vuelvo a estar muy preocupada por eso que me pas\u00f3 en su d\u00eda, supongo que por varios cambios emocionales y laborales en mi vida que me han creado mucho estr\u00e9s. Ha sido ahora cuando acud\u00ed a un psiquiatra, el cual por fin dio nombre a esa sensaci\u00f3n desconocida para m\u00ed. \u00c9l me ha dicho que no tengo por qu\u00e9 preocuparme, que son s\u00edntomas de ansiedad que ocurrieron en etapas de mi vida en la que por un motivo u otro deb\u00eda estar estresada.<\/p>\n<p style=\"text-align: justify;\">La cuesti\u00f3n es que yo leo testimonios y aunque en gran parte me siento identificada, es cierto que mi experiencia no ha sido tan extrema, quiero decir, me noto rara y con una especie de presi\u00f3n en mi cabeza y noto una sensaci\u00f3n que intento identificar porque me resulta conocida pero en realidad no lo es. Es como si yo misma me exigiera volver a estar bien en ese momento porque noto que me siento rara, no s\u00e9, algo muy extra\u00f1o que si usted ha sufrido entender\u00e1 a la perfecci\u00f3n. A la vez noto como un cambio de expresi\u00f3n en mi cara, yo me miro al espejo y estoy igual, pero me noto rara. Mis movimientos me resultan lentos y me pongo nerviosa, notando una especie de sudor fr\u00edo. Las veces que me ha pasado ha sido as\u00ed\u00ad, de repente. Mi psiquiatra me recomienda que lo tome como un s\u00edntoma natural de la ansiedad y que poco a poco y con su ayuda, superar\u00e9 el miedo a que vuelva a ocurrirme.<\/p>\n<p style=\"text-align: justify;\">Aun as\u00ed, pese a leer mucho sobre este tema y saber que es ansiedad, no s\u00e9 por qu\u00e9 tengo p\u00e1nico a enfermedades como la esquizofrenia y a veces le doy tantas vueltas a la cabeza que me pregunto, y si eso es lo que tengo?<\/p>\n<p style=\"text-align: justify;\">S\u00e9 que es algo irracional, pero aun as\u00ed me preocupa. Alg\u00fan consejo que puedan darme desde su experiencia? \u00bfSe supera totalmente ese miedo con esfuerzo y optimismo?<\/p>\n<p style=\"text-align: justify;\">Gracias de antemano.<\/p>\n<p style=\"text-align: justify;\">Un saludo.<\/p>\n<p>\u00a0<img loading=\"lazy\" class=\"aligncenter wp-image-1685 size-medium\" src=\"https:\/\/psicologo-especialista-barcelona.com\/blog\/wp-content\/uploads\/2015\/05\/Despersonalizacion-desrealizaci\u00f3n-200x300.jpg\" alt=\"despersonalizaci\u00f3n-desrealizacion\" width=\"200\" height=\"300\" srcset=\"https:\/\/psicologo-especialista-barcelona.com\/blog\/wp-content\/uploads\/2015\/05\/Despersonalizacion-desrealizaci\u00f3n-200x300.jpg 200w, https:\/\/psicologo-especialista-barcelona.com\/blog\/wp-content\/uploads\/2015\/05\/Despersonalizacion-desrealizaci\u00f3n.jpg 550w\" sizes=\"(max-width: 200px) 100vw, 200px\" \/><\/p>\n<p>&nbsp;<\/p>\n<p style=\"text-align: justify;\"><span style=\"color: #00d600;\">RESPUESTA<\/span><\/p>\n<p style=\"text-align: justify;\">La desrealizaci\u00f3n y la despersonalizaci\u00f3n son dos s\u00edntomas muy desagradables que generan mucha alerta, pues no son muy frecuentes, y su forma de manifestarse genera a la persona una gran sensaci\u00f3n de malestar y desconcierto. Dentro de los problemas de ansiedad, en algunos casos puntuales la persona puede padecer estos s\u00edntomas. Esto es debido a que la persona se encuentra en un estado de alerta tan elevado en el que se disocia de s\u00ed mismo, y puede llegar a \u00abverse desde fuera\u00bb como si fuera un espectador de lo que le est\u00e1 ocurriendo. Para que esto ocurra la persona debe haber sido expuesta a alg\u00fan tipo de estresor muy fuerte durante un tiempo muy prolongado. Es por ello que no es uno de los s\u00edntomas m\u00e1s comunes dentro de la ansiedad, ya que la gran mayor\u00eda de personas ante situaciones tan estresantes o ansiosas suelen huir o escapar de la situaci\u00f3n, haciendo que la fuente de estr\u00e9s o ansiedad r\u00e1pidamente desaparezca. Aunque al cabo del tiempo esta misma conducta de evitaci\u00f3n le acabe reforzando su problema de ansiedad.<\/p>\n<p style=\"text-align: justify;\"><strong>Miedo a padecer esquizofrenia<\/strong><\/p>\n<p style=\"text-align: justify;\">\u00a0Este es un miedo muy frecuente en las personas con ansiedad que hayan padecido alguna despersonalizaci\u00f3n o desrealizaci\u00f3n, o incluso para personas un tanto hipocondr\u00edacas. Pero en estos casos conviene aclarar un par de diferencias muy importantes para poder tranquilizarnos al respecto. Lo primero de todo es que una despersonalizaci\u00f3n o una desrealizaci\u00f3n no son una alucinaci\u00f3n o un delirio, son s\u00edntomas completamente diferentes. Y segundo la esquizofrenia es una enfermedad en la cual es muy dif\u00edcil que la persona sea consciente que la padece, puesto que est\u00e1 convencida que sus alucinaciones o delirios son completamente ciertos. Podr\u00edamos incluso realizar la generalizaci\u00f3n que <strong>todas aquellas personas que tienen miedo de poder padecer esquizofrenia, seguramente no tengan esta enfermedad<\/strong> (siempre y cuando no hayan tenido un brote psic\u00f3tico previo)<\/p>\n<p style=\"text-align: justify;\"><strong>\u00bfSuperamos nuestros miedos y la ansiedad?<\/strong><\/p>\n<p style=\"text-align: justify;\">La respuesta es s\u00ed. Pero requiere un tiempo y este tiempo var\u00eda en cada persona. Generalmente los miedos gracias al tratamiento psicol\u00f3gico conseguimos comprenderlos y encapsularlos, de tal manera que si se trata de un miedo irracional, lo identificamos con facilidad y eso nos ayuda a \u00abdesmontar mi miedo\u00bb.Cuantas m\u00e1s veces nos enfrentemos a este miedo y logremos \u00abdesmontarlo\u00bb \u00e9ste se ir\u00e1 debilitando y nos vendr\u00e1 a la cabeza con mucha menos frecuencia. Por otro lado tambi\u00e9n hemos de trabajar nuestra ansiedad para\u00a0 reducida, ya que es uno de los reforzadores principales de nuestros miedos,<strong> la ansiedad alimenta el miedo<\/strong>. Si trabajamos estos dos principios<strong> exponerme a mis miedos desmont\u00e1ndolos<\/strong> y c<strong>ontrolamos la ansiedad para que no los alimente de nuevo, <\/strong>podremos definitivamente vivir tranquilos y superar nuestro problema de ansiedad y miedos.<\/p>\n<p style=\"text-align: center;\">Si quieres participar en el blog y preguntarnos algo, haz click aqu\u00ed.<\/p>\n<p><a href=\"https:\/\/psicologo-especialista-barcelona.com\/blog\/apoyo-psicologico\/\"><img loading=\"lazy\" class=\"aligncenter size-full wp-image-697\" title=\"El psic\u00f3logo contestar\u00e1 tus preguntas\" src=\"https:\/\/psicologo-especialista-barcelona.com\/blog\/wp-content\/uploads\/2012\/12\/manda-tu-consulta.png\" alt=\"manda-tu-consulta\" width=\"200\" height=\"107\" \/><\/a><\/p>\n<p>Rub\u00e9n Blasco, Psic\u00f3logo Colegiado N\u00ba 14830.<\/p>\n<p>M\u00e1s informaci\u00f3n en<a href=\"http:\/\/psicologo-especialista-barcelona.com\" target=\"_blank\"> psicologo-especialista-barcelona.com<\/a><\/p>\n","protected":false},"excerpt":{"rendered":"<p>Desrealizaci\u00f3n y despersonalizaci\u00f3n &nbsp; PREGUNTA Me gustar\u00eda tener la opini\u00f3n de alguien especialista en el tema con respecto a mi caso: He sufrido s\u00edntomas de desrealizaci\u00f3n despersonalizaci\u00f3n unas 4-5 veces en mi vida (tengo 27 a\u00f1os), una vez en un examen (la primera, hace como 12 a\u00f1os), otra cocinando&#8230; y la \u00faltima vez conduciendo hace &hellip; <\/p>\n<p><a class=\"more-link btn\" href=\"https:\/\/psicologo-especialista-barcelona.com\/blog\/apoyo-psicologico\/desrealizacion-y-despersonalizacion\/\">Seguir leyendo<\/a><\/p>\n","protected":false},"author":1,"featured_media":0,"parent":630,"menu_order":0,"comment_status":"open","ping_status":"open","template":"","meta":[],"aioseo_notices":[],"_links":{"self":[{"href":"https:\/\/psicologo-especialista-barcelona.com\/blog\/wp-json\/wp\/v2\/pages\/1683"}],"collection":[{"href":"https:\/\/psicologo-especialista-barcelona.com\/blog\/wp-json\/wp\/v2\/pages"}],"about":[{"href":"https:\/\/psicologo-especialista-barcelona.com\/blog\/wp-json\/wp\/v2\/types\/page"}],"author":[{"embeddable":true,"href":"https:\/\/psicologo-especialista-barcelona.com\/blog\/wp-json\/wp\/v2\/users\/1"}],"replies":[{"embeddable":true,"href":"https:\/\/psicologo-especialista-barcelona.com\/blog\/wp-json\/wp\/v2\/comments?post=1683"}],"version-history":[{"count":7,"href":"https:\/\/psicologo-especialista-barcelona.com\/blog\/wp-json\/wp\/v2\/pages\/1683\/revisions"}],"predecessor-version":[{"id":1691,"href":"https:\/\/psicologo-especialista-barcelona.com\/blog\/wp-json\/wp\/v2\/pages\/1683\/revisions\/1691"}],"up":[{"embeddable":true,"href":"https:\/\/psicologo-especialista-barcelona.com\/blog\/wp-json\/wp\/v2\/pages\/630"}],"wp:attachment":[{"href":"https:\/\/psicologo-especialista-barcelona.com\/blog\/wp-json\/wp\/v2\/media?parent=1683"}],"curies":[{"name":"wp","href":"https:\/\/api.w.org\/{rel}","templated":true}]}}

Desrealización y despersonalización

<h1 style="text-align: center;">Desrealización y despersonalización</h1>
<p>&nbsp;</p>
<p><span style="color: #ff9900;">PREGUNTA</span></p>
<p style="text-align: justify;">Me gustaría tener la opinión de alguien especialista en el tema con respecto a mi caso:</p>
<p style="text-align: justify;">He sufrido síntomas de desrealización despersonalización unas 4-5 veces en mi vida (tengo 27 años), una vez en un examen (la primera, hace como 12 años), otra cocinando&#8230; y la última vez conduciendo hace año y medio aproximadamente.</p>
<p style="text-align: justify;">La sensación duraba unos 2-3 minutos y desaparecía. Es algo que jamás sabía identificar. La primera vez que me pasó sufrí durante varios meses pensando que podría tener una enfermedad mental por el miedo que me creí esa sensación desconocida e intentándole buscar alguna explicación «real», incluso pensaba para mí misma » Quizás en ese momento vino a tu mente una situación estresante que hayas vivido como una discusión con algún familiar o algo», pero en el fondo sabía que no. Con los meses me recuperé porque veía que en el día a día tení­a una vida normal.</p>
<p style="text-align: justify;">He estado años y años sin preocuparme por eso salvo en algunas ocasiones en que las que lo recordaba, pero nada más. Ahora, desde hace 5 meses vuelvo a estar muy preocupada por eso que me pasó en su día, supongo que por varios cambios emocionales y laborales en mi vida que me han creado mucho estrés. Ha sido ahora cuando acudí a un psiquiatra, el cual por fin dio nombre a esa sensación desconocida para mí. Él me ha dicho que no tengo por qué preocuparme, que son síntomas de ansiedad que ocurrieron en etapas de mi vida en la que por un motivo u otro debía estar estresada.</p>
<p style="text-align: justify;">La cuestión es que yo leo testimonios y aunque en gran parte me siento identificada, es cierto que mi experiencia no ha sido tan extrema, quiero decir, me noto rara y con una especie de presión en mi cabeza y noto una sensación que intento identificar porque me resulta conocida pero en realidad no lo es. Es como si yo misma me exigiera volver a estar bien en ese momento porque noto que me siento rara, no sé, algo muy extraño que si usted ha sufrido entenderá a la perfección. A la vez noto como un cambio de expresión en mi cara, yo me miro al espejo y estoy igual, pero me noto rara. Mis movimientos me resultan lentos y me pongo nerviosa, notando una especie de sudor frío. Las veces que me ha pasado ha sido así­, de repente. Mi psiquiatra me recomienda que lo tome como un síntoma natural de la ansiedad y que poco a poco y con su ayuda, superaré el miedo a que vuelva a ocurrirme.</p>
<p style="text-align: justify;">Aun así, pese a leer mucho sobre este tema y saber que es ansiedad, no sé por qué tengo pánico a enfermedades como la esquizofrenia y a veces le doy tantas vueltas a la cabeza que me pregunto, y si eso es lo que tengo?</p>
<p style="text-align: justify;">Sé que es algo irracional, pero aun así me preocupa. Algún consejo que puedan darme desde su experiencia? ¿Se supera totalmente ese miedo con esfuerzo y optimismo?</p>
<p style="text-align: justify;">Gracias de antemano.</p>
<p style="text-align: justify;">Un saludo.</p>
<p> <img loading="lazy" class="aligncenter wp-image-1685 size-medium" src="https://psicologo-especialista-barcelona.com/blog/wp-content/uploads/2015/05/Despersonalizacion-desrealización-200x300.jpg" alt="despersonalización-desrealizacion" width="200" height="300" srcset="https://psicologo-especialista-barcelona.com/blog/wp-content/uploads/2015/05/Despersonalizacion-desrealización-200x300.jpg 200w, https://psicologo-especialista-barcelona.com/blog/wp-content/uploads/2015/05/Despersonalizacion-desrealización.jpg 550w" sizes="(max-width: 200px) 100vw, 200px" /></p>
<p>&nbsp;</p>
<p style="text-align: justify;"><span style="color: #00d600;">RESPUESTA</span></p>
<p style="text-align: justify;">La desrealización y la despersonalización son dos síntomas muy desagradables que generan mucha alerta, pues no son muy frecuentes, y su forma de manifestarse genera a la persona una gran sensación de malestar y desconcierto. Dentro de los problemas de ansiedad, en algunos casos puntuales la persona puede padecer estos síntomas. Esto es debido a que la persona se encuentra en un estado de alerta tan elevado en el que se disocia de sí mismo, y puede llegar a «verse desde fuera» como si fuera un espectador de lo que le está ocurriendo. Para que esto ocurra la persona debe haber sido expuesta a algún tipo de estresor muy fuerte durante un tiempo muy prolongado. Es por ello que no es uno de los síntomas más comunes dentro de la ansiedad, ya que la gran mayoría de personas ante situaciones tan estresantes o ansiosas suelen huir o escapar de la situación, haciendo que la fuente de estrés o ansiedad rápidamente desaparezca. Aunque al cabo del tiempo esta misma conducta de evitación le acabe reforzando su problema de ansiedad.</p>
<p style="text-align: justify;"><strong>Miedo a padecer esquizofrenia</strong></p>
<p style="text-align: justify;"> Este es un miedo muy frecuente en las personas con ansiedad que hayan padecido alguna despersonalización o desrealización, o incluso para personas un tanto hipocondríacas. Pero en estos casos conviene aclarar un par de diferencias muy importantes para poder tranquilizarnos al respecto. Lo primero de todo es que una despersonalización o una desrealización no son una alucinación o un delirio, son síntomas completamente diferentes. Y segundo la esquizofrenia es una enfermedad en la cual es muy difícil que la persona sea consciente que la padece, puesto que está convencida que sus alucinaciones o delirios son completamente ciertos. Podríamos incluso realizar la generalización que <strong>todas aquellas personas que tienen miedo de poder padecer esquizofrenia, seguramente no tengan esta enfermedad</strong> (siempre y cuando no hayan tenido un brote psicótico previo)</p>
<p style="text-align: justify;"><strong>¿Superamos nuestros miedos y la ansiedad?</strong></p>
<p style="text-align: justify;">La respuesta es sí. Pero requiere un tiempo y este tiempo varía en cada persona. Generalmente los miedos gracias al tratamiento psicológico conseguimos comprenderlos y encapsularlos, de tal manera que si se trata de un miedo irracional, lo identificamos con facilidad y eso nos ayuda a «desmontar mi miedo».Cuantas más veces nos enfrentemos a este miedo y logremos «desmontarlo» éste se irá debilitando y nos vendrá a la cabeza con mucha menos frecuencia. Por otro lado también hemos de trabajar nuestra ansiedad para  reducida, ya que es uno de los reforzadores principales de nuestros miedos,<strong> la ansiedad alimenta el miedo</strong>. Si trabajamos estos dos principios<strong> exponerme a mis miedos desmontándolos</strong> y c<strong>ontrolamos la ansiedad para que no los alimente de nuevo, </strong>podremos definitivamente vivir tranquilos y superar nuestro problema de ansiedad y miedos.</p>
<p style="text-align: center;">Si quieres participar en el blog y preguntarnos algo, haz click aquí.</p>
<p><a href="https://psicologo-especialista-barcelona.com/blog/apoyo-psicologico/"><img loading="lazy" class="aligncenter size-full wp-image-697" title="El psicólogo contestará tus preguntas" src="https://psicologo-especialista-barcelona.com/blog/wp-content/uploads/2012/12/manda-tu-consulta.png" alt="manda-tu-consulta" width="200" height="107" /></a></p>
<p>Rubén Blasco, Psicólogo Colegiado Nº 14830.</p>
<p>Más información en<a href="http://psicologo-especialista-barcelona.com" target="_blank"> psicologo-especialista-barcelona.com</a></p>

<p>Desrealización y despersonalización &nbsp; PREGUNTA Me gustaría tener la opinión de alguien especialista en el tema con respecto a mi caso: He sufrido síntomas de desrealización despersonalización unas 4-5 veces en mi vida (tengo 27 años), una vez en un examen (la primera, hace como 12 años), otra cocinando&#8230; y la última vez conduciendo hace &hellip; </p>
<p><a class="more-link btn" href="https://psicologo-especialista-barcelona.com/blog/apoyo-psicologico/desrealizacion-y-despersonalizacion/">Seguir leyendo</a></p>
