{"id":1564,"date":"2014-09-10T12:23:39","date_gmt":"2014-09-10T11:23:39","guid":{"rendered":"https:\/\/psicologo-especialista-barcelona.com\/blog\/?page_id=1564"},"modified":"2014-09-10T12:24:46","modified_gmt":"2014-09-10T11:24:46","slug":"no-consigo-llegar-al-orgasmo","status":"publish","type":"page","link":"https:\/\/psicologo-especialista-barcelona.com\/blog\/apoyo-psicologico\/no-consigo-llegar-al-orgasmo\/","title":{"rendered":"No consigo llegar al orgasmo"},"content":{"rendered":"<h1 style=\"text-align: center;\"><strong>No consigo llegar al orgasmo<\/strong><\/h1>\n<p><span style=\"color: #ff9900;\">PREGUNTA<\/span><\/p>\n<p style=\"text-align: justify;\">Soy mujer de 22 a\u00f1os, ya estoy casada y mi esposo ha sido mi \u00fanica pareja sexual\u00a0desde que ten\u00edamos 16 a\u00f1os de edad. Mis primeras experiencias sexuales no fueron\u00a0muy placenteras y no s\u00e9 si eso afectar\u00eda a que no pueda tener orgasmos por\u00a0penetraci\u00f3n, solo los consigo por estimulaci\u00f3n manual directa con el cl\u00edtoris, he\u00a0sabido que hay orgasmos vaginales y orgasmos de cl\u00edtoris no se si sea verdad esto,\u00a0pero yo solo tengo del cl\u00edtoris y por masturbaci\u00f3n. No se con qu\u00e9 especialista tenga\u00a0que acudir para poder tener orgasmos con la penetraci\u00f3n de mi pareja, debo acudir con\u00a0un psic\u00f3logo, ginec\u00f3logo o sex\u00f3logo?&#8230; La masturbaci\u00f3n la descubr\u00ed desde los 13\u00a0a\u00f1os, no s\u00e9 si esto ser\u00e1 la causa que ahora solo pueda conseguir el orgasmo por\u00a0medio de \u00e9sta y no de la relaci\u00f3n sexual?<\/p>\n<p style=\"text-align: center;\"><img loading=\"lazy\" class=\"aligncenter  wp-image-1566\" alt=\"No consigo llegar al orgasmo\" src=\"https:\/\/psicologo-especialista-barcelona.com\/blog\/wp-content\/uploads\/2014\/09\/No-consigo-llegar-al-orgasmo.jpg\" width=\"353\" height=\"212\" srcset=\"https:\/\/psicologo-especialista-barcelona.com\/blog\/wp-content\/uploads\/2014\/09\/No-consigo-llegar-al-orgasmo.jpg 630w, https:\/\/psicologo-especialista-barcelona.com\/blog\/wp-content\/uploads\/2014\/09\/No-consigo-llegar-al-orgasmo-300x180.jpg 300w\" sizes=\"(max-width: 353px) 100vw, 353px\" \/><\/p>\n<p style=\"text-align: justify;\"><span style=\"color: #00d600;\">RESPUESTA<\/span><\/p>\n<p style=\"text-align: justify;\">Contestando a tu pregunta lo primero en aclarar es el c\u00f3mo las mujeres pueden llegar a tener un orgasmo. Y efectivamente hay dos v\u00edas podemos hablar de un <strong>orgasmo vaginal<\/strong>, que se consigue normalmente mediante la penetraci\u00f3n y el <strong>orgasmo clitoriano<\/strong>, el cual se alcanza mediante estimulaci\u00f3n del cl\u00edtoris. Ambos son considerados orgasmos y producen la misma respuesta fisiol\u00f3gica de placer y satisfacci\u00f3n.<\/p>\n<p style=\"text-align: justify;\">Normalmente <strong>el orgasmo clitoriano es m\u00e1s sencillo de alcanzar<\/strong> y se puede conseguir f\u00e1cilmente mediante estimulaci\u00f3n manual o masturbaci\u00f3n. Para conseguir un orgasmo vaginal normalmente es necesario m\u00e1s tiempo, m\u00e1s estimulaci\u00f3n y que la mujer se sienta muy excitada, es un orgasmo m\u00e1s complicado de alcanzar. Escoge una postura durante la penetraci\u00f3n en la que puedas controlar mejor el ritmo y que tu cl\u00edtoris se vea estimulado por el roce, ver\u00e1s como te resulta mucho m\u00e1s sencillo.<\/p>\n<p style=\"text-align: justify;\">Para nada has de pensar que porque descubriste la masturbaci\u00f3n ahora \u00fanicamente puedes alcanzar el orgasmo mediante masturbaci\u00f3n, lo m\u00e1s probable es que cuando est\u00e9s con tu marido te pongas un poco nerviosa intentando buscar el tener un orgasmo y esa misma preocupaci\u00f3n sea tu perdici\u00f3n porque no te haga centrarte en las sensaciones sexuales y placenteras. <strong>Deber\u00edas centrarte solamente en disfrutar, el orgasmo llegar\u00e1 solo.<\/strong><\/p>\n<h3 style=\"text-align: justify;\">Prepara el ambiente<\/h3>\n<p><img loading=\"lazy\" class=\"alignright  wp-image-1570\" style=\"text-align: justify;\" alt=\"Conseguir un orgasmo\" src=\"https:\/\/psicologo-especialista-barcelona.com\/blog\/wp-content\/uploads\/2014\/09\/conseguir-un-orgasmo.jpg\" width=\"344\" height=\"231\" srcset=\"https:\/\/psicologo-especialista-barcelona.com\/blog\/wp-content\/uploads\/2014\/09\/conseguir-un-orgasmo.jpg 1593w, https:\/\/psicologo-especialista-barcelona.com\/blog\/wp-content\/uploads\/2014\/09\/conseguir-un-orgasmo-300x201.jpg 300w, https:\/\/psicologo-especialista-barcelona.com\/blog\/wp-content\/uploads\/2014\/09\/conseguir-un-orgasmo-1024x687.jpg 1024w\" sizes=\"(max-width: 344px) 100vw, 344px\" \/><\/p>\n<p style=\"text-align: justify;\"><strong style=\"text-align: justify;\"><\/strong><span style=\"text-align: justify;\">Decorar la habitaci\u00f3n o la cama, usar comida o bebidas estimulantes, llevar ropa provocativa, m\u00fasica&#8230; es decir crear el ambiente que m\u00e1s os guste y estimule para la situaci\u00f3n.\u00a0Tambi\u00e9n os puede ayudar mucho en vuestras relaciones aumentar el tiempo de juego previo a la penetraci\u00f3n, y no realizarla hasta que te encuentres muy excitada.<\/span><\/p>\n<p style=\"text-align: justify;\">El uso de <strong>juguetes er\u00f3ticos<\/strong> tambi\u00e9n os puede ayudar mucho, especialmente todos aquellos que est\u00e1n pensados para estimular el cl\u00edtoris durante la penetraci\u00f3n. En cualquier tienda er\u00f3tica os podr\u00e1n asesorar, ya que existe una amplia gama en el mercado.<\/p>\n<p style=\"text-align: justify;\">Y finalmente si ves que la cosa no mejora s\u00ed que te recomendar\u00eda que consultaras con un psic\u00f3logo especialista o un sex\u00f3logo. El psic\u00f3logo os entrevistar\u00e1 a ti y a tu marido y os ayudar\u00e1 a que juntos consig\u00e1is tener un orgasmo en muy poco tiempo, vale la pena mejorar vuestra vida sexual.<\/p>\n<p style=\"text-align: center;\">Si quieres participar en el blog y preguntarnos algo, haz click aqu\u00ed.<\/p>\n<p><a href=\"https:\/\/psicologo-especialista-barcelona.com\/blog\/apoyo-psicologico\/\"><img loading=\"lazy\" class=\"aligncenter size-full wp-image-697\" title=\"El psic\u00f3logo contestar\u00e1 tus preguntas\" alt=\"manda-tu-consulta\" src=\"https:\/\/psicologo-especialista-barcelona.com\/blog\/wp-content\/uploads\/2012\/12\/manda-tu-consulta.png\" width=\"200\" height=\"107\" \/><\/a><\/p>\n<p>Rub\u00e9n Blasco, Psic\u00f3logo Colegiado N\u00ba 14830.<\/p>\n<p>M\u00e1s informaci\u00f3n en<a href=\"http:\/\/psicologo-especialista-barcelona.com\" target=\"_blank\"> psicologo-especialista-barcelona.com<\/a><\/p>\n","protected":false},"excerpt":{"rendered":"<p>No consigo llegar al orgasmo PREGUNTA Soy mujer de 22 a\u00f1os, ya estoy casada y mi esposo ha sido mi \u00fanica pareja sexual\u00a0desde que ten\u00edamos 16 a\u00f1os de edad. Mis primeras experiencias sexuales no fueron\u00a0muy placenteras y no s\u00e9 si eso afectar\u00eda a que no pueda tener orgasmos por\u00a0penetraci\u00f3n, solo los consigo por estimulaci\u00f3n manual &hellip; <\/p>\n<p><a class=\"more-link btn\" href=\"https:\/\/psicologo-especialista-barcelona.com\/blog\/apoyo-psicologico\/no-consigo-llegar-al-orgasmo\/\">Seguir leyendo<\/a><\/p>\n","protected":false},"author":1,"featured_media":0,"parent":630,"menu_order":0,"comment_status":"open","ping_status":"open","template":"","meta":[],"aioseo_notices":[],"_links":{"self":[{"href":"https:\/\/psicologo-especialista-barcelona.com\/blog\/wp-json\/wp\/v2\/pages\/1564"}],"collection":[{"href":"https:\/\/psicologo-especialista-barcelona.com\/blog\/wp-json\/wp\/v2\/pages"}],"about":[{"href":"https:\/\/psicologo-especialista-barcelona.com\/blog\/wp-json\/wp\/v2\/types\/page"}],"author":[{"embeddable":true,"href":"https:\/\/psicologo-especialista-barcelona.com\/blog\/wp-json\/wp\/v2\/users\/1"}],"replies":[{"embeddable":true,"href":"https:\/\/psicologo-especialista-barcelona.com\/blog\/wp-json\/wp\/v2\/comments?post=1564"}],"version-history":[{"count":8,"href":"https:\/\/psicologo-especialista-barcelona.com\/blog\/wp-json\/wp\/v2\/pages\/1564\/revisions"}],"predecessor-version":[{"id":1574,"href":"https:\/\/psicologo-especialista-barcelona.com\/blog\/wp-json\/wp\/v2\/pages\/1564\/revisions\/1574"}],"up":[{"embeddable":true,"href":"https:\/\/psicologo-especialista-barcelona.com\/blog\/wp-json\/wp\/v2\/pages\/630"}],"wp:attachment":[{"href":"https:\/\/psicologo-especialista-barcelona.com\/blog\/wp-json\/wp\/v2\/media?parent=1564"}],"curies":[{"name":"wp","href":"https:\/\/api.w.org\/{rel}","templated":true}]}}